{"id":1034,"date":"2018-08-30T18:15:48","date_gmt":"2018-08-30T21:15:48","guid":{"rendered":"https:\/\/eavtrucco-ers.infd.edu.ar\/sitio\/profesorado-de-artes-visuales\/"},"modified":"2021-10-07T22:01:56","modified_gmt":"2021-10-08T01:01:56","slug":"profesorado-de-artes-visuales","status":"publish","type":"page","link":"https:\/\/eavtrucco-ers.infd.edu.ar\/sitio\/profesorado-de-artes-visuales\/","title":{"rendered":"Profesorado de Artes Visuales"},"content":{"rendered":"<p style=\"text-align: center;\"><img decoding=\"async\" loading=\"lazy\" class=\"alignnone size-medium wp-image-1206\" src=\"https:\/\/eavtrucco-ers.infd.edu.ar\/sitio\/wp-content\/uploads\/2021\/10\/PORTADA-CAMPUS-rectangular-1000x563.png\" alt=\"\" width=\"1000\" height=\"563\" srcset=\"https:\/\/eavtrucco-ers.infd.edu.ar\/sitio\/wp-content\/uploads\/2021\/10\/PORTADA-CAMPUS-rectangular-1000x563.png 1000w, https:\/\/eavtrucco-ers.infd.edu.ar\/sitio\/wp-content\/uploads\/2021\/10\/PORTADA-CAMPUS-rectangular-1900x1070.png 1900w, https:\/\/eavtrucco-ers.infd.edu.ar\/sitio\/wp-content\/uploads\/2021\/10\/PORTADA-CAMPUS-rectangular-768x432.png 768w, https:\/\/eavtrucco-ers.infd.edu.ar\/sitio\/wp-content\/uploads\/2021\/10\/PORTADA-CAMPUS-rectangular-1536x865.png 1536w, https:\/\/eavtrucco-ers.infd.edu.ar\/sitio\/wp-content\/uploads\/2021\/10\/PORTADA-CAMPUS-rectangular-2048x1153.png 2048w\" sizes=\"(max-width: 1000px) 100vw, 1000px\" \/><\/p>\n<h6 style=\"text-align: left;\"><span style=\"font-size: 10pt;\"><span style=\"font-family: arial,helvetica,sans-serif;\"><span lang=\"ES\">La ense\u00f1anza de Nivel Superior comienza a implementarse a partir del a\u00f1o 1990, con las carreras de \u201cRealizador Pl\u00e1stico\u201d y \u201cProfesorado de Educaci\u00f3n Pl\u00e1stica\u201d para los niveles inicial y primario. Luego \u00a0se incorpora la carrera de \u201cProfesor de Artes Pl\u00e1sticas para el Nivel Medio y Superior\u201d, destinada a aquellos que ya hab\u00edan obtenido el t\u00edtulo de Realizador Pl\u00e1stico Superior. <\/span><\/span><\/span><\/h6>\n<h6 class=\"MsoNormal\" style=\"text-align: left;\"><span style=\"font-size: 10pt;\"><span style=\"font-family: arial,helvetica,sans-serif;\"><span lang=\"ES\">Con la transformaci\u00f3n de planes al implementarse la Ley Federal de Educaci\u00f3n,\u00a0 a partir del a\u00f1o 1999 la Carrera comienza a denominarse \u201cProfesorado en Artes con orientaci\u00f3n en Artes Visuales\u201d, y habilita para el trabajo docente en los niveles inicial, primario y polimodal. Los actuales cursos de segundo a cuarto a\u00f1o, desarrollan los espacios correspondientes a ese plan de estudios. Adem\u00e1s de las asignaturas espec\u00edficas y los de la formaci\u00f3n general y pedag\u00f3gica, los estudiantes cursan distintos Talleres, algunos de ellos optativos, en el que conocen y aplican distintas t\u00e9cnicas de expresi\u00f3n art\u00edstica visual. Las Pr\u00e1cticas y Residencias Escolares las desarrollan en los mismos cursos de arte infantiles que se dictan en la Escuela, o bien en otras Instituciones educativas del Departamento<\/span><\/span><\/span><\/h6>\n<h6 class=\"MsoNormal\" style=\"text-align: left;\"><span style=\"font-size: 10pt;\"><span style=\"font-family: arial,helvetica,sans-serif;\"><span lang=\"ES\">Desde el a\u00f1o 2010 se desarrolla el nuevo Plan de \u201cProfesorado de Artes visuales\u201d, para el nivel inicial, primario y secundario, y la capacitaci\u00f3n laboral. Los estudiantes de este nuevo plan ya comienzan a tener contacto con la realidad educativa de las escuelas desde el primer a\u00f1o.<\/span><\/span><\/span><\/h6>\n<h6 style=\"text-align: left;\"><span style=\"font-size: 10pt;\"><span style=\"font-family: arial,helvetica,sans-serif;\"><span lang=\"ES\"><strong>En este nivel, tanto docentes como directivos buscan la formaci\u00f3n de docentes creativos y comprometidos con la realidad educativa<\/strong>.<\/span><\/span><\/span><\/h6>\n\n\n<p><\/p>\n","protected":false},"excerpt":{"rendered":"<p>La ense\u00f1anza de Nivel Superior comienza a implementarse a partir del a\u00f1o 1990, con las carreras de \u201cRealizador Pl\u00e1stico\u201d y \u201cProfesorado de Educaci\u00f3n Pl\u00e1stica\u201d para los niveles inicial y primario. Luego \u00a0se incorpora la carrera de \u201cProfesor de Artes Pl\u00e1sticas para el Nivel Medio y Superior\u201d, destinada a aquellos que ya hab\u00edan obtenido el t\u00edtulo &#8230; <a title=\"Profesorado de Artes Visuales\" class=\"read-more\" href=\"https:\/\/eavtrucco-ers.infd.edu.ar\/sitio\/profesorado-de-artes-visuales\/\" aria-label=\"More on Profesorado de Artes Visuales\">[+]<\/a><\/p>\n","protected":false},"author":207,"featured_media":0,"parent":0,"menu_order":0,"comment_status":"closed","ping_status":"closed","template":"","meta":[],"acf":[],"_links":{"self":[{"href":"https:\/\/eavtrucco-ers.infd.edu.ar\/sitio\/wp-json\/wp\/v2\/pages\/1034"}],"collection":[{"href":"https:\/\/eavtrucco-ers.infd.edu.ar\/sitio\/wp-json\/wp\/v2\/pages"}],"about":[{"href":"https:\/\/eavtrucco-ers.infd.edu.ar\/sitio\/wp-json\/wp\/v2\/types\/page"}],"author":[{"embeddable":true,"href":"https:\/\/eavtrucco-ers.infd.edu.ar\/sitio\/wp-json\/wp\/v2\/users\/207"}],"replies":[{"embeddable":true,"href":"https:\/\/eavtrucco-ers.infd.edu.ar\/sitio\/wp-json\/wp\/v2\/comments?post=1034"}],"version-history":[{"count":2,"href":"https:\/\/eavtrucco-ers.infd.edu.ar\/sitio\/wp-json\/wp\/v2\/pages\/1034\/revisions"}],"predecessor-version":[{"id":1237,"href":"https:\/\/eavtrucco-ers.infd.edu.ar\/sitio\/wp-json\/wp\/v2\/pages\/1034\/revisions\/1237"}],"wp:attachment":[{"href":"https:\/\/eavtrucco-ers.infd.edu.ar\/sitio\/wp-json\/wp\/v2\/media?parent=1034"}],"curies":[{"name":"wp","href":"https:\/\/api.w.org\/{rel}","templated":true}]}}